{"id":82,"date":"2024-09-17T14:52:25","date_gmt":"2024-09-17T14:52:25","guid":{"rendered":"http:\/\/www.yatinternet.com\/?page_id=82"},"modified":"2024-09-17T14:52:25","modified_gmt":"2024-09-17T14:52:25","slug":"hakkimizda","status":"publish","type":"page","link":"http:\/\/www.yatinternet.com\/?page_id=82","title":{"rendered":"Hakk\u0131m\u0131zda"},"content":{"rendered":"<p>IQPRO, 1992 y\u0131l\u0131ndan beri\u00a0 bili\u015fim, ses, g\u00f6r\u00fcnt\u00fc, elektronik, yaz\u0131l\u0131m ve otomasyon tecr\u00fcbesine sahip, teknoloji ve yenili\u011fe merakl\u0131lar\u0131 taraf\u0131ndan kuruldu. \u00c7ok uluslu ve yerli firmalarda elde etti\u011fimiz deneyimlerimizi harmanlayarak, farkl\u0131 tedarik\u00e7ilerdeki de\u011fi\u015fik ama tamamlay\u0131c\u0131 \u00a0teknoloji ve \u00fcr\u00fcnleri, bir noktadan komple \u00e7\u00f6z\u00fcm sunmak i\u00e7in birle\u015ftirdik.<\/p>\n<p>Amac\u0131m\u0131z, m\u00fc\u015fterilerimizin farkl\u0131 teknolojileri kullan\u0131rlarken ya\u015fad\u0131klar\u0131 sorunlar\u0131 ortadan kald\u0131rmak ve onlara anahtar teslimi \u00e7\u00f6z\u00fcmler \u00fcretmek.<\/p>\n<p>Haz\u0131rlad\u0131\u011f\u0131m\u0131z projelere titizlik g\u00f6stermeye ilk a\u015famas\u0131nda ba\u015fl\u0131yoruz ki ortaya \u00e7\u0131kard\u0131\u011f\u0131m\u0131z \u00e7\u00f6z\u00fcm hem m\u00fc\u015fterimizin beklentilerini kar\u015f\u0131las\u0131n hem de verimli ve sorunsuz \u00e7al\u0131\u015f\u015f\u0131n. B\u00f6ylece, m\u00fc\u015fterilerimiz hem geli\u015fen yeniliklikleri i\u015flerine ve g\u00fcnl\u00fck hayatlar\u0131na kolayl\u0131kla uyarlayabilsinler hem de uzmanl\u0131klar\u0131na odaklanmaya veya kendilerine daha fazla zaman ay\u0131rabilsinler.<\/p>\n<p>M\u00fc\u015fterilerimizin bize<strong> \u201cYeni bir \u015fey var m\u0131?\u201d<\/strong> diye sormas\u0131ndan ve tedarik\u00e7ilerimizin<strong> \u201cYeni bir \u00fcr\u00fcn var tam size g\u00f6re\u201d<\/strong>\u00a0 demesinden mutluluk duyuyoruz.<\/p>\n<ul>\n<li>Annelerimiz bizim i\u00e7in pazar ara\u015ft\u0131rmas\u0131 deste\u011fi veriyor. E\u011fer bir \u00fcr\u00fcn\u00fc kolayl\u0131kla kullanabiliyorsa i\u015fimizi g\u00fczel yapt\u0131\u011f\u0131m\u0131z\u0131 anl\u0131yoruz.<\/li>\n<\/ul>\n<p>Kendimizi hizmet sekt\u00f6r\u00fcnde, m\u00fc\u015fterilerimize teknoloji \u00e7\u00f6z\u00fcmleri sa\u011flayan ki\u015filer olarak g\u00f6r\u00fcyoruz.<\/p>\n<p>&nbsp;<\/p>\n<h2><strong>Misyon<br \/>\n<\/strong><\/h2>\n<hr \/>\n<p>Ses, g\u00f6r\u00fcnt\u00fc, i\u00e7erik, g\u00fcvenlik ve bunlar\u0131n y\u00f6netimini sa\u011flayan de\u011fi\u015fik alanlardaki teknolojileri, kurumsal kullan\u0131c\u0131lar\u0131m\u0131z\u0131n ihtiya\u00e7lar\u0131n\u0131 en do\u011fru \u015fekilde kar\u015f\u0131layan, en ekonomik ve en kolay kurulum ve y\u00f6netim sa\u011flayan \u00e7\u00f6z\u00fcmlere d\u00f6n\u00fc\u015ft\u00fcrerek sunmak ve b\u00f6ylece m\u00fc\u015fterilerimizin ana i\u015flerine daha fazla odaklanabilmelerine ve kendilerine daha fazla zaman ay\u0131rabilmelerine olanak sa\u011flamak<\/p>\n<p>&nbsp;<\/p>\n<h2><strong>Vizyon<br \/>\n<\/strong><\/h2>\n<hr \/>\n<p>Mevcut ve yeni t\u00fcm teknolojileri b\u00fcnyemizde entegre ederek, m\u00fc\u015fterilerimizin ve i\u015f ortaklar\u0131m\u0131z\u0131n keyifle ve kolayl\u0131kla kullanmalar\u0131n\u0131 sa\u011flamak.<\/p>\n<p>&nbsp;<\/p>\n<p>&nbsp;<\/p>\n<h2><strong>Faaliyet Alanlar\u0131m\u0131z<br \/>\n<\/strong><\/h2>\n<hr \/>\n<ul>\n<li>Mega Yat Seslendirme \/ \u0130nternet \/ Network ve otomasyonu.<\/li>\n<li>Scada sistemleri<\/li>\n<li>Yapay Zeka<\/li>\n<li>Audio \/ Video\u00a0 otomasyonu<\/li>\n<li>Cafe \/ Restaurant Network \/ Seslendirme \/ G\u00f6r\u00fcnt\u00fc Sistemleri<\/li>\n<li>\u00c7ok Katl\u0131 ve geni\u015f hacimli ev Network<\/li>\n<li>Ev sinema ve ses sistemleri<\/li>\n<li>Toplant\u0131 Salonlar\u0131 otomasyonu<\/li>\n<li>Facade \/ Led ekran<\/li>\n<li>Teknik Dan\u0131\u015fmanl\u0131k<\/li>\n<li>Broadcast \/ Canl\u0131 yay\u0131n<\/li>\n<\/ul>\n","protected":false},"excerpt":{"rendered":"<p>IQPRO, 1992 y\u0131l\u0131ndan beri\u00a0 bili\u015fim, ses, g\u00f6r\u00fcnt\u00fc, elektronik, yaz\u0131l\u0131m ve otomasyon tecr\u00fcbesine sahip, teknoloji ve yenili\u011fe merakl\u0131lar\u0131 taraf\u0131ndan kuruldu. \u00c7ok uluslu ve yerli firmalarda elde etti\u011fimiz deneyimlerimizi harmanlayarak, farkl\u0131 tedarik\u00e7ilerdeki de\u011fi\u015fik ama tamamlay\u0131c\u0131 \u00a0teknoloji ve \u00fcr\u00fcnleri, bir noktadan komple \u00e7\u00f6z\u00fcm sunmak i\u00e7in birle\u015ftirdik. Amac\u0131m\u0131z, m\u00fc\u015fterilerimizin farkl\u0131 teknolojileri kullan\u0131rlarken ya\u015fad\u0131klar\u0131 sorunlar\u0131 ortadan kald\u0131rmak ve onlara anahtar &hellip;<\/p>\n","protected":false},"author":1,"featured_media":0,"parent":0,"menu_order":0,"comment_status":"closed","ping_status":"closed","template":"","meta":{"footnotes":""},"class_list":["post-82","page","type-page","status-publish","hentry"],"yoast_head":"<!-- This site is optimized with the Yoast SEO plugin v25.6 - https:\/\/yoast.com\/wordpress\/plugins\/seo\/ -->\n<title>Hakk\u0131m\u0131zda - Yat \u0130nternet<\/title>\n<meta name=\"robots\" content=\"index, follow, max-snippet:-1, max-image-preview:large, max-video-preview:-1\" \/>\n<link rel=\"canonical\" href=\"http:\/\/www.yatinternet.com\/?page_id=82\" \/>\n<meta property=\"og:locale\" content=\"tr_TR\" \/>\n<meta property=\"og:type\" content=\"article\" \/>\n<meta property=\"og:title\" content=\"Hakk\u0131m\u0131zda - Yat \u0130nternet\" \/>\n<meta property=\"og:description\" content=\"IQPRO, 1992 y\u0131l\u0131ndan beri\u00a0 bili\u015fim, ses, g\u00f6r\u00fcnt\u00fc, elektronik, yaz\u0131l\u0131m ve otomasyon tecr\u00fcbesine sahip, teknoloji ve yenili\u011fe merakl\u0131lar\u0131 taraf\u0131ndan kuruldu. \u00c7ok uluslu ve yerli firmalarda elde etti\u011fimiz deneyimlerimizi harmanlayarak, farkl\u0131 tedarik\u00e7ilerdeki de\u011fi\u015fik ama tamamlay\u0131c\u0131 \u00a0teknoloji ve \u00fcr\u00fcnleri, bir noktadan komple \u00e7\u00f6z\u00fcm sunmak i\u00e7in birle\u015ftirdik. Amac\u0131m\u0131z, m\u00fc\u015fterilerimizin farkl\u0131 teknolojileri kullan\u0131rlarken ya\u015fad\u0131klar\u0131 sorunlar\u0131 ortadan kald\u0131rmak ve onlara anahtar &hellip;\" \/>\n<meta property=\"og:url\" content=\"http:\/\/www.yatinternet.com\/?page_id=82\" \/>\n<meta property=\"og:site_name\" content=\"Yat \u0130nternet\" \/>\n<meta name=\"twitter:card\" content=\"summary_large_image\" \/>\n<meta name=\"twitter:label1\" content=\"Tahmini okuma s\u00fcresi\" \/>\n\t<meta name=\"twitter:data1\" content=\"2 dakika\" \/>\n<script type=\"application\/ld+json\" class=\"yoast-schema-graph\">{\"@context\":\"https:\/\/schema.org\",\"@graph\":[{\"@type\":\"WebPage\",\"@id\":\"http:\/\/www.yatinternet.com\/?page_id=82\",\"url\":\"http:\/\/www.yatinternet.com\/?page_id=82\",\"name\":\"Hakk\u0131m\u0131zda - Yat \u0130nternet\",\"isPartOf\":{\"@id\":\"http:\/\/www.yatinternet.com\/#website\"},\"datePublished\":\"2024-09-17T14:52:25+00:00\",\"breadcrumb\":{\"@id\":\"http:\/\/www.yatinternet.com\/?page_id=82#breadcrumb\"},\"inLanguage\":\"tr\",\"potentialAction\":[{\"@type\":\"ReadAction\",\"target\":[\"http:\/\/www.yatinternet.com\/?page_id=82\"]}]},{\"@type\":\"BreadcrumbList\",\"@id\":\"http:\/\/www.yatinternet.com\/?page_id=82#breadcrumb\",\"itemListElement\":[{\"@type\":\"ListItem\",\"position\":1,\"name\":\"Anasayfa\",\"item\":\"http:\/\/www.yatinternet.com\/\"},{\"@type\":\"ListItem\",\"position\":2,\"name\":\"Hakk\u0131m\u0131zda\"}]},{\"@type\":\"WebSite\",\"@id\":\"http:\/\/www.yatinternet.com\/#website\",\"url\":\"http:\/\/www.yatinternet.com\/\",\"name\":\"Yat \u0130nternet\",\"description\":\"Tekne \u0130nternet Sistemleri\",\"publisher\":{\"@id\":\"http:\/\/www.yatinternet.com\/#organization\"},\"potentialAction\":[{\"@type\":\"SearchAction\",\"target\":{\"@type\":\"EntryPoint\",\"urlTemplate\":\"http:\/\/www.yatinternet.com\/?s={search_term_string}\"},\"query-input\":{\"@type\":\"PropertyValueSpecification\",\"valueRequired\":true,\"valueName\":\"search_term_string\"}}],\"inLanguage\":\"tr\"},{\"@type\":\"Organization\",\"@id\":\"http:\/\/www.yatinternet.com\/#organization\",\"name\":\"IQPRO Kolay Y\u00f6netilebilir Teknoloji\",\"url\":\"http:\/\/www.yatinternet.com\/\",\"logo\":{\"@type\":\"ImageObject\",\"inLanguage\":\"tr\",\"@id\":\"http:\/\/www.yatinternet.com\/#\/schema\/logo\/image\/\",\"url\":\"https:\/\/i0.wp.com\/www.yatinternet.com\/wp-content\/uploads\/2024\/09\/iqpro-500x500-YUVARLAK-kontor-siyah.png?fit=520%2C520\",\"contentUrl\":\"https:\/\/i0.wp.com\/www.yatinternet.com\/wp-content\/uploads\/2024\/09\/iqpro-500x500-YUVARLAK-kontor-siyah.png?fit=520%2C520\",\"width\":520,\"height\":520,\"caption\":\"IQPRO Kolay Y\u00f6netilebilir Teknoloji\"},\"image\":{\"@id\":\"http:\/\/www.yatinternet.com\/#\/schema\/logo\/image\/\"}}]}<\/script>\n<!-- \/ Yoast SEO plugin. -->","yoast_head_json":{"title":"Hakk\u0131m\u0131zda - Yat \u0130nternet","robots":{"index":"index","follow":"follow","max-snippet":"max-snippet:-1","max-image-preview":"max-image-preview:large","max-video-preview":"max-video-preview:-1"},"canonical":"http:\/\/www.yatinternet.com\/?page_id=82","og_locale":"tr_TR","og_type":"article","og_title":"Hakk\u0131m\u0131zda - Yat \u0130nternet","og_description":"IQPRO, 1992 y\u0131l\u0131ndan beri\u00a0 bili\u015fim, ses, g\u00f6r\u00fcnt\u00fc, elektronik, yaz\u0131l\u0131m ve otomasyon tecr\u00fcbesine sahip, teknoloji ve yenili\u011fe merakl\u0131lar\u0131 taraf\u0131ndan kuruldu. \u00c7ok uluslu ve yerli firmalarda elde etti\u011fimiz deneyimlerimizi harmanlayarak, farkl\u0131 tedarik\u00e7ilerdeki de\u011fi\u015fik ama tamamlay\u0131c\u0131 \u00a0teknoloji ve \u00fcr\u00fcnleri, bir noktadan komple \u00e7\u00f6z\u00fcm sunmak i\u00e7in birle\u015ftirdik. Amac\u0131m\u0131z, m\u00fc\u015fterilerimizin farkl\u0131 teknolojileri kullan\u0131rlarken ya\u015fad\u0131klar\u0131 sorunlar\u0131 ortadan kald\u0131rmak ve onlara anahtar &hellip;","og_url":"http:\/\/www.yatinternet.com\/?page_id=82","og_site_name":"Yat \u0130nternet","twitter_card":"summary_large_image","twitter_misc":{"Tahmini okuma s\u00fcresi":"2 dakika"},"schema":{"@context":"https:\/\/schema.org","@graph":[{"@type":"WebPage","@id":"http:\/\/www.yatinternet.com\/?page_id=82","url":"http:\/\/www.yatinternet.com\/?page_id=82","name":"Hakk\u0131m\u0131zda - Yat \u0130nternet","isPartOf":{"@id":"http:\/\/www.yatinternet.com\/#website"},"datePublished":"2024-09-17T14:52:25+00:00","breadcrumb":{"@id":"http:\/\/www.yatinternet.com\/?page_id=82#breadcrumb"},"inLanguage":"tr","potentialAction":[{"@type":"ReadAction","target":["http:\/\/www.yatinternet.com\/?page_id=82"]}]},{"@type":"BreadcrumbList","@id":"http:\/\/www.yatinternet.com\/?page_id=82#breadcrumb","itemListElement":[{"@type":"ListItem","position":1,"name":"Anasayfa","item":"http:\/\/www.yatinternet.com\/"},{"@type":"ListItem","position":2,"name":"Hakk\u0131m\u0131zda"}]},{"@type":"WebSite","@id":"http:\/\/www.yatinternet.com\/#website","url":"http:\/\/www.yatinternet.com\/","name":"Yat \u0130nternet","description":"Tekne \u0130nternet Sistemleri","publisher":{"@id":"http:\/\/www.yatinternet.com\/#organization"},"potentialAction":[{"@type":"SearchAction","target":{"@type":"EntryPoint","urlTemplate":"http:\/\/www.yatinternet.com\/?s={search_term_string}"},"query-input":{"@type":"PropertyValueSpecification","valueRequired":true,"valueName":"search_term_string"}}],"inLanguage":"tr"},{"@type":"Organization","@id":"http:\/\/www.yatinternet.com\/#organization","name":"IQPRO Kolay Y\u00f6netilebilir Teknoloji","url":"http:\/\/www.yatinternet.com\/","logo":{"@type":"ImageObject","inLanguage":"tr","@id":"http:\/\/www.yatinternet.com\/#\/schema\/logo\/image\/","url":"https:\/\/i0.wp.com\/www.yatinternet.com\/wp-content\/uploads\/2024\/09\/iqpro-500x500-YUVARLAK-kontor-siyah.png?fit=520%2C520","contentUrl":"https:\/\/i0.wp.com\/www.yatinternet.com\/wp-content\/uploads\/2024\/09\/iqpro-500x500-YUVARLAK-kontor-siyah.png?fit=520%2C520","width":520,"height":520,"caption":"IQPRO Kolay Y\u00f6netilebilir Teknoloji"},"image":{"@id":"http:\/\/www.yatinternet.com\/#\/schema\/logo\/image\/"}}]}},"jetpack-related-posts":[],"jetpack_sharing_enabled":true,"_links":{"self":[{"href":"http:\/\/www.yatinternet.com\/index.php?rest_route=\/wp\/v2\/pages\/82"}],"collection":[{"href":"http:\/\/www.yatinternet.com\/index.php?rest_route=\/wp\/v2\/pages"}],"about":[{"href":"http:\/\/www.yatinternet.com\/index.php?rest_route=\/wp\/v2\/types\/page"}],"author":[{"embeddable":true,"href":"http:\/\/www.yatinternet.com\/index.php?rest_route=\/wp\/v2\/users\/1"}],"replies":[{"embeddable":true,"href":"http:\/\/www.yatinternet.com\/index.php?rest_route=%2Fwp%2Fv2%2Fcomments&post=82"}],"version-history":[{"count":1,"href":"http:\/\/www.yatinternet.com\/index.php?rest_route=\/wp\/v2\/pages\/82\/revisions"}],"predecessor-version":[{"id":83,"href":"http:\/\/www.yatinternet.com\/index.php?rest_route=\/wp\/v2\/pages\/82\/revisions\/83"}],"wp:attachment":[{"href":"http:\/\/www.yatinternet.com\/index.php?rest_route=%2Fwp%2Fv2%2Fmedia&parent=82"}],"curies":[{"name":"wp","href":"https:\/\/api.w.org\/{rel}","templated":true}]}}